{"id":253,"date":"2020-10-22T01:59:34","date_gmt":"2020-10-22T01:59:34","guid":{"rendered":"http:\/\/fundacionciceron.com\/index.php\/services\/"},"modified":"2022-11-18T08:49:15","modified_gmt":"2022-11-18T08:49:15","slug":"services","status":"publish","type":"page","link":"https:\/\/fundacionciceron.com\/index.php\/services\/","title":{"rendered":""},"content":{"rendered":"\t\t<div data-elementor-type=\"wp-page\" data-elementor-id=\"253\" class=\"elementor elementor-253\" data-elementor-settings=\"[]\">\n\t\t\t\t\t\t\t<div class=\"elementor-section-wrap\">\n\t\t\t\t\t\t\t<section class=\"elementor-section elementor-top-section elementor-element elementor-element-bdaebe6 elementor-section-boxed elementor-section-height-default elementor-section-height-default\" data-id=\"bdaebe6\" data-element_type=\"section\">\n\t\t\t\t\t\t<div class=\"elementor-container elementor-column-gap-no\">\n\t\t\t\t\t<div class=\"elementor-column elementor-col-100 elementor-top-column elementor-element elementor-element-d330e9f\" data-id=\"d330e9f\" data-element_type=\"column\">\n\t\t\t<div class=\"elementor-widget-wrap elementor-element-populated\">\n\t\t\t\t\t\t\t\t<section class=\"elementor-section elementor-inner-section elementor-element elementor-element-e0d4da6 elementor-section-content-middle elementor-section-boxed elementor-section-height-default elementor-section-height-default\" data-id=\"e0d4da6\" data-element_type=\"section\">\n\t\t\t\t\t\t<div class=\"elementor-container elementor-column-gap-no\">\n\t\t\t\t\t<div class=\"elementor-column elementor-col-50 elementor-inner-column elementor-element elementor-element-57ee43a\" data-id=\"57ee43a\" data-element_type=\"column\">\n\t\t\t<div class=\"elementor-widget-wrap elementor-element-populated\">\n\t\t\t\t\t\t\t\t<div class=\"elementor-element elementor-element-c6a43c6 elementor-widget elementor-widget-image\" data-id=\"c6a43c6\" data-element_type=\"widget\" data-widget_type=\"image.default\">\n\t\t\t\t<div class=\"elementor-widget-container\">\n\t\t\t\t\t\t\t\t\t\t\t\t\t\t\t<img loading=\"lazy\" decoding=\"async\" width=\"480\" height=\"480\" src=\"https:\/\/fundacionciceron.com\/wp-content\/uploads\/2020\/10\/calligraphy-artist-work-3.jpg\" class=\"attachment-full size-full\" alt=\"\" srcset=\"https:\/\/fundacionciceron.com\/wp-content\/uploads\/2020\/10\/calligraphy-artist-work-3.jpg 480w, https:\/\/fundacionciceron.com\/wp-content\/uploads\/2020\/10\/calligraphy-artist-work-3-300x300.jpg 300w, https:\/\/fundacionciceron.com\/wp-content\/uploads\/2020\/10\/calligraphy-artist-work-3-150x150.jpg 150w\" sizes=\"auto, (max-width: 480px) 100vw, 480px\" \/>\t\t\t\t\t\t\t\t\t\t\t\t\t\t\t<\/div>\n\t\t\t\t<\/div>\n\t\t\t\t\t<\/div>\n\t\t<\/div>\n\t\t\t\t<div class=\"elementor-column elementor-col-50 elementor-inner-column elementor-element elementor-element-52054a5\" data-id=\"52054a5\" data-element_type=\"column\">\n\t\t\t<div class=\"elementor-widget-wrap elementor-element-populated\">\n\t\t\t\t\t\t\t\t<div class=\"elementor-element elementor-element-169e929 elementor-widget elementor-widget-heading\" data-id=\"169e929\" data-element_type=\"widget\" data-widget_type=\"heading.default\">\n\t\t\t\t<div class=\"elementor-widget-container\">\n\t\t\t<h2 class=\"elementor-heading-title elementor-size-default\">MEM\u00d2RIA FUNDACI\u00d3 CICER\u00d3N ANY 2019-2020<\/h2>\t\t<\/div>\n\t\t\t\t<\/div>\n\t\t\t\t<div class=\"elementor-element elementor-element-4da3806 elementor-widget elementor-widget-button\" data-id=\"4da3806\" data-element_type=\"widget\" data-widget_type=\"button.default\">\n\t\t\t\t<div class=\"elementor-widget-container\">\n\t\t\t\t\t<div class=\"elementor-button-wrapper\">\n\t\t\t<a href=\"https:\/\/www.dropbox.com\/s\/yop1vax95oafxfj\/memoria%20F.%20Cicer%C3%B3n%20RT%202021.pdf?dl=0\" target=\"_blank\" class=\"elementor-button-link elementor-button elementor-size-sm\" role=\"button\">\n\t\t\t\t\t\t<span class=\"elementor-button-content-wrapper\">\n\t\t\t\t\t\t<span class=\"elementor-button-icon elementor-align-icon-left\">\n\t\t\t\t<i aria-hidden=\"true\" class=\"far fa-arrow-alt-circle-down\"><\/i>\t\t\t<\/span>\n\t\t\t\t\t\t<span class=\"elementor-button-text\"> Descarrega-la aqu\u00ed<\/span>\n\t\t<\/span>\n\t\t\t\t\t<\/a>\n\t\t<\/div>\n\t\t\t\t<\/div>\n\t\t\t\t<\/div>\n\t\t\t\t<div class=\"elementor-element elementor-element-27fc6c7 elementor-widget elementor-widget-heading\" data-id=\"27fc6c7\" data-element_type=\"widget\" data-widget_type=\"heading.default\">\n\t\t\t\t<div class=\"elementor-widget-container\">\n\t\t\t<h2 class=\"elementor-heading-title elementor-size-default\">MEM\u00d2RIA FUNDACI\u00d3 CICER\u00d3N ANY 2021<\/h2>\t\t<\/div>\n\t\t\t\t<\/div>\n\t\t\t\t<div class=\"elementor-element elementor-element-7211a44 elementor-widget elementor-widget-button\" data-id=\"7211a44\" data-element_type=\"widget\" data-widget_type=\"button.default\">\n\t\t\t\t<div class=\"elementor-widget-container\">\n\t\t\t\t\t<div class=\"elementor-button-wrapper\">\n\t\t\t<a href=\"https:\/\/www.dropbox.com\/s\/p7f3zo8mooswg95\/memoria%20F.%20Cicer%C3%B3n%20RT%202021.pdf?dl=0\" target=\"_blank\" class=\"elementor-button-link elementor-button elementor-size-sm\" role=\"button\">\n\t\t\t\t\t\t<span class=\"elementor-button-content-wrapper\">\n\t\t\t\t\t\t<span class=\"elementor-button-icon elementor-align-icon-left\">\n\t\t\t\t<i aria-hidden=\"true\" class=\"far fa-arrow-alt-circle-down\"><\/i>\t\t\t<\/span>\n\t\t\t\t\t\t<span class=\"elementor-button-text\"> Descarrega-la aqu\u00ed<\/span>\n\t\t<\/span>\n\t\t\t\t\t<\/a>\n\t\t<\/div>\n\t\t\t\t<\/div>\n\t\t\t\t<\/div>\n\t\t\t\t<div class=\"elementor-element elementor-element-50e64c2 elementor-widget elementor-widget-text-editor\" data-id=\"50e64c2\" data-element_type=\"widget\" data-widget_type=\"text-editor.default\">\n\t\t\t\t<div class=\"elementor-widget-container\">\n\t\t\t\t\t\t\t<p>\u00a0<\/p><div class=\"page\" title=\"Page 4\"><div class=\"layoutArea\"><div class=\"column\"><pre style=\"margin: 0cm 0cm 0.0001pt; font-size: 10pt; font-family: 'Courier New'; color: #000000;\"><span style=\"font-size: 12pt; font-family: Helvetica; color: #0070c0;\">Ens ha tocat viure en una \u00e8poca meravellosa de la hist\u00f2ria de la humanitat on els canvis s\u00f3n tan r\u00e0pids i nombrosos que moltes vegades no ens d\u00f3na temps a assimilar-los. Tots aquests aven\u00e7os, la majoria centrats en canvis tecnol\u00f2gics, ha fet que en siguem m\u00e9s dependents. De fet, vivim en all\u00f2 que s'anomena la revoluci\u00f3 tecnol\u00f2gica.<\/span><\/pre><p>\u00a0<\/p><div class=\"page\" title=\"Page 4\"><div class=\"layoutArea\"><div class=\"column\"><pre style=\"margin: 0cm 0cm 0.0001pt; font-size: 10pt; font-family: 'Courier New'; color: #000000;\"><span style=\"font-size: 12pt; font-family: Helvetica; color: #0070c0;\">La tecnologia ens facilita la vida en molts camps, per\u00f2 t\u00e9 un detall que no es cuida i que, a la llarga, pot acabar amb l'ess\u00e8ncia de l'\u00e9sser hum\u00e0: Aquest detall \u00e9s la comunicaci\u00f3.<\/span><\/pre><\/div><\/div><\/div><\/div><\/div><\/div>\t\t\t\t\t\t<\/div>\n\t\t\t\t<\/div>\n\t\t\t\t\t<\/div>\n\t\t<\/div>\n\t\t\t\t\t\t\t<\/div>\n\t\t<\/section>\n\t\t\t\t\t<\/div>\n\t\t<\/div>\n\t\t\t\t\t\t\t<\/div>\n\t\t<\/section>\n\t\t\t\t\t\t<\/div>\n\t\t\t\t\t<\/div>\n\t\t","protected":false},"excerpt":{"rendered":"<p>MEM\u00d2RIA FUNDACI\u00d3 CICER\u00d3N ANY 2019-2020 Descarrega-la aqu\u00ed MEM\u00d2RIA FUNDACI\u00d3 CICER\u00d3N ANY 2021 Descarrega-la aqu\u00ed \u00a0 Ens ha tocat viure en una \u00e8poca meravellosa de la hist\u00f2ria de la humanitat on els canvis s\u00f3n tan r\u00e0pids i nombrosos que moltes vegades no ens d\u00f3na temps a assimilar-los. Tots aquests aven\u00e7os, la majoria centrats en canvis tecnol\u00f2gics, [&hellip;]<\/p>\n","protected":false},"author":1,"featured_media":0,"parent":0,"menu_order":0,"comment_status":"closed","ping_status":"closed","template":"","meta":{"om_disable_all_campaigns":false,"_monsterinsights_skip_tracking":false,"_monsterinsights_sitenote_active":false,"_monsterinsights_sitenote_note":"","_monsterinsights_sitenote_category":0,"footnotes":""},"class_list":["post-253","page","type-page","status-publish","hentry"],"yoast_head":"<!-- This site is optimized with the Yoast SEO plugin v17.2 - https:\/\/yoast.com\/wordpress\/plugins\/seo\/ -->\n<title>- fundacionciceron.com<\/title>\n<meta name=\"robots\" content=\"index, follow, max-snippet:-1, max-image-preview:large, max-video-preview:-1\" \/>\n<link rel=\"canonical\" href=\"https:\/\/fundacionciceron.com\/index.php\/services\/\" \/>\n<meta property=\"og:locale\" content=\"es_ES\" \/>\n<meta property=\"og:type\" content=\"article\" \/>\n<meta property=\"og:title\" content=\"- fundacionciceron.com\" \/>\n<meta property=\"og:description\" content=\"MEM\u00d2RIA FUNDACI\u00d3 CICER\u00d3N ANY 2019-2020 Descarrega-la aqu\u00ed MEM\u00d2RIA FUNDACI\u00d3 CICER\u00d3N ANY 2021 Descarrega-la aqu\u00ed \u00a0 Ens ha tocat viure en una \u00e8poca meravellosa de la hist\u00f2ria de la humanitat on els canvis s\u00f3n tan r\u00e0pids i nombrosos que moltes vegades no ens d\u00f3na temps a assimilar-los. Tots aquests aven\u00e7os, la majoria centrats en canvis tecnol\u00f2gics, [&hellip;]\" \/>\n<meta property=\"og:url\" content=\"https:\/\/fundacionciceron.com\/index.php\/services\/\" \/>\n<meta property=\"og:site_name\" content=\"fundacionciceron.com\" \/>\n<meta property=\"article:modified_time\" content=\"2022-11-18T08:49:15+00:00\" \/>\n<meta property=\"og:image\" content=\"http:\/\/fundacionciceron.com\/wp-content\/uploads\/2020\/10\/calligraphy-artist-work-3.jpg\" \/>\n<meta name=\"twitter:card\" content=\"summary_large_image\" \/>\n<meta name=\"twitter:label1\" content=\"Tiempo de lectura\" \/>\n\t<meta name=\"twitter:data1\" content=\"1 minuto\" \/>\n<script type=\"application\/ld+json\" class=\"yoast-schema-graph\">{\"@context\":\"https:\/\/schema.org\",\"@graph\":[{\"@type\":\"WebSite\",\"@id\":\"https:\/\/fundacionciceron.com\/#website\",\"url\":\"https:\/\/fundacionciceron.com\/\",\"name\":\"fundacionciceron.com\",\"description\":\"\",\"potentialAction\":[{\"@type\":\"SearchAction\",\"target\":{\"@type\":\"EntryPoint\",\"urlTemplate\":\"https:\/\/fundacionciceron.com\/?s={search_term_string}\"},\"query-input\":\"required name=search_term_string\"}],\"inLanguage\":\"es\"},{\"@type\":\"ImageObject\",\"@id\":\"https:\/\/fundacionciceron.com\/index.php\/services\/#primaryimage\",\"inLanguage\":\"es\",\"url\":\"http:\/\/fundacionciceron.com\/wp-content\/uploads\/2020\/10\/calligraphy-artist-work-3.jpg\",\"contentUrl\":\"http:\/\/fundacionciceron.com\/wp-content\/uploads\/2020\/10\/calligraphy-artist-work-3.jpg\"},{\"@type\":\"WebPage\",\"@id\":\"https:\/\/fundacionciceron.com\/index.php\/services\/#webpage\",\"url\":\"https:\/\/fundacionciceron.com\/index.php\/services\/\",\"name\":\"- fundacionciceron.com\",\"isPartOf\":{\"@id\":\"https:\/\/fundacionciceron.com\/#website\"},\"primaryImageOfPage\":{\"@id\":\"https:\/\/fundacionciceron.com\/index.php\/services\/#primaryimage\"},\"datePublished\":\"2020-10-22T01:59:34+00:00\",\"dateModified\":\"2022-11-18T08:49:15+00:00\",\"breadcrumb\":{\"@id\":\"https:\/\/fundacionciceron.com\/index.php\/services\/#breadcrumb\"},\"inLanguage\":\"es\",\"potentialAction\":[{\"@type\":\"ReadAction\",\"target\":[\"https:\/\/fundacionciceron.com\/index.php\/services\/\"]}]},{\"@type\":\"BreadcrumbList\",\"@id\":\"https:\/\/fundacionciceron.com\/index.php\/services\/#breadcrumb\",\"itemListElement\":[{\"@type\":\"ListItem\",\"position\":1,\"name\":\"Portada\",\"item\":\"https:\/\/fundacionciceron.com\/\"},{\"@type\":\"ListItem\",\"position\":2,\"name\":\"\"}]}]}<\/script>\n<!-- \/ Yoast SEO plugin. -->","yoast_head_json":{"title":"- fundacionciceron.com","robots":{"index":"index","follow":"follow","max-snippet":"max-snippet:-1","max-image-preview":"max-image-preview:large","max-video-preview":"max-video-preview:-1"},"canonical":"https:\/\/fundacionciceron.com\/index.php\/services\/","og_locale":"es_ES","og_type":"article","og_title":"- fundacionciceron.com","og_description":"MEM\u00d2RIA FUNDACI\u00d3 CICER\u00d3N ANY 2019-2020 Descarrega-la aqu\u00ed MEM\u00d2RIA FUNDACI\u00d3 CICER\u00d3N ANY 2021 Descarrega-la aqu\u00ed \u00a0 Ens ha tocat viure en una \u00e8poca meravellosa de la hist\u00f2ria de la humanitat on els canvis s\u00f3n tan r\u00e0pids i nombrosos que moltes vegades no ens d\u00f3na temps a assimilar-los. Tots aquests aven\u00e7os, la majoria centrats en canvis tecnol\u00f2gics, [&hellip;]","og_url":"https:\/\/fundacionciceron.com\/index.php\/services\/","og_site_name":"fundacionciceron.com","article_modified_time":"2022-11-18T08:49:15+00:00","og_image":[{"url":"http:\/\/fundacionciceron.com\/wp-content\/uploads\/2020\/10\/calligraphy-artist-work-3.jpg"}],"twitter_card":"summary_large_image","twitter_misc":{"Tiempo de lectura":"1 minuto"},"schema":{"@context":"https:\/\/schema.org","@graph":[{"@type":"WebSite","@id":"https:\/\/fundacionciceron.com\/#website","url":"https:\/\/fundacionciceron.com\/","name":"fundacionciceron.com","description":"","potentialAction":[{"@type":"SearchAction","target":{"@type":"EntryPoint","urlTemplate":"https:\/\/fundacionciceron.com\/?s={search_term_string}"},"query-input":"required name=search_term_string"}],"inLanguage":"es"},{"@type":"ImageObject","@id":"https:\/\/fundacionciceron.com\/index.php\/services\/#primaryimage","inLanguage":"es","url":"http:\/\/fundacionciceron.com\/wp-content\/uploads\/2020\/10\/calligraphy-artist-work-3.jpg","contentUrl":"http:\/\/fundacionciceron.com\/wp-content\/uploads\/2020\/10\/calligraphy-artist-work-3.jpg"},{"@type":"WebPage","@id":"https:\/\/fundacionciceron.com\/index.php\/services\/#webpage","url":"https:\/\/fundacionciceron.com\/index.php\/services\/","name":"- fundacionciceron.com","isPartOf":{"@id":"https:\/\/fundacionciceron.com\/#website"},"primaryImageOfPage":{"@id":"https:\/\/fundacionciceron.com\/index.php\/services\/#primaryimage"},"datePublished":"2020-10-22T01:59:34+00:00","dateModified":"2022-11-18T08:49:15+00:00","breadcrumb":{"@id":"https:\/\/fundacionciceron.com\/index.php\/services\/#breadcrumb"},"inLanguage":"es","potentialAction":[{"@type":"ReadAction","target":["https:\/\/fundacionciceron.com\/index.php\/services\/"]}]},{"@type":"BreadcrumbList","@id":"https:\/\/fundacionciceron.com\/index.php\/services\/#breadcrumb","itemListElement":[{"@type":"ListItem","position":1,"name":"Portada","item":"https:\/\/fundacionciceron.com\/"},{"@type":"ListItem","position":2,"name":""}]}]}},"_links":{"self":[{"href":"https:\/\/fundacionciceron.com\/index.php\/wp-json\/wp\/v2\/pages\/253","targetHints":{"allow":["GET"]}}],"collection":[{"href":"https:\/\/fundacionciceron.com\/index.php\/wp-json\/wp\/v2\/pages"}],"about":[{"href":"https:\/\/fundacionciceron.com\/index.php\/wp-json\/wp\/v2\/types\/page"}],"author":[{"embeddable":true,"href":"https:\/\/fundacionciceron.com\/index.php\/wp-json\/wp\/v2\/users\/1"}],"replies":[{"embeddable":true,"href":"https:\/\/fundacionciceron.com\/index.php\/wp-json\/wp\/v2\/comments?post=253"}],"version-history":[{"count":19,"href":"https:\/\/fundacionciceron.com\/index.php\/wp-json\/wp\/v2\/pages\/253\/revisions"}],"predecessor-version":[{"id":835,"href":"https:\/\/fundacionciceron.com\/index.php\/wp-json\/wp\/v2\/pages\/253\/revisions\/835"}],"wp:attachment":[{"href":"https:\/\/fundacionciceron.com\/index.php\/wp-json\/wp\/v2\/media?parent=253"}],"curies":[{"name":"wp","href":"https:\/\/api.w.org\/{rel}","templated":true}]}}